j = 28*p. What is the hundreds digit of p?
2
Suppose -3*i = -5*w + 86528, -8*w + 13*w + i - 86544 = 0. What is the units digit of w?
8
Let c(r) = -4*r**3 - 57*r**2 - 27*r - 80. What is the thousands digit of c(-19)?
7
Let w = 973 - -2378. What is the units digit of w?
1
Suppose 87*p = 58*p + 1228701. What is the ten thousands digit of p?
4
Let r(t) be the second derivative of -t**5/20 - 2*t**4/3 + 5*t**3/6 + 11*t**2/2 - 70*t + 2. What is the units digit of r(-11)?
9
Suppose -h = t + h + 14, t - 3*h + 29 = 0. Let y(b) = -28*b + 142. What is the tens digit of y(t)?
0
Let u = -3366 + 41906. What is the hundreds digit of u?
5
Let s be (-3)/12 - (-52)/16. Suppose 4*g - 396 = -4*p, 201 = 2*g + s*p - 0*p. Let q = g - 61. What is the tens digit of q?
3
Suppose a = -v + 29, 3*v = 3*a - a + 77. Suppose 2*l = 5*x + 155, 0 = 30*l - v*l + 4*x - 244. What is the tens digit of l?
8
Suppose -4*i + 10 = c, 55 = 7*c - 3*c + i. Suppose z = 5*o - 17, 0*o + 2*z = 5*o - c. Suppose -898 = -o*n - 162. What is the hundreds digit of n?
1
Let k(y) = 16574*y**2 - 8*y + 6. What is the units digit of k(1)?
2
Suppose 2*c = 3*n + 35, 2 - 12 = -n + 5*c. Let v = 78 + -20. Let y = n + v. What is the tens digit of y?
4
Suppose -o = 4*y - 8, -5*o - 5*y + 17 = -8. Suppose 2*q - o*f + f = 16, -5*q + 19 = 3*f. Suppose -q*v + 927 = 52. What is the units digit of v?
5
Suppose w = -3*g + 16, 0 = -0*w + 3*w + g - 48. Let k = -24 + w. What is the units digit of (-57)/k + (-1)/8?
7
Suppose 5*q = 24*i - 22*i + 41668, 4*i - 8338 = -q. What is the hundreds digit of q?
3
Let p = 7 - 5. Let z(g) = 0*g**2 - 1 - 2 - 4*g - 2*g**3 + 3*g**p - 5*g**2. What is the units digit of z(-3)?
5
What is the ten thousands digit of (-27)/(486/(-652950)) - -1?
3
Suppose -5*v - 3*t - 93 = 0, -5*t = 2*v + 3*v + 85. What is the tens digit of (-4)/14 + (-12123)/v?
7
Suppose -242520 = -4*k - 5*f, -440*k = -439*k - 3*f - 60613. What is the hundreds digit of k?
6
Let z(d) = 286*d - 46. Let u be z(-3). Let n = u + 1348. What is the tens digit of n?
4
Suppose -45*z = -51*z + 41592. What is the hundreds digit of z?
9
Let r be (-12)/(-54) + 10/(-45). Suppose 3*p + y - 1425 = r, -9*p = -5*p + 5*y - 1889. What is the units digit of p?
6
Suppose -5*f + 5 = -2*s + s, 2*f - 2 = -3*s. Suppose s = -3*i + 3, 3*r - 5*i = r + 15. Let m(q) = q - 7. What is the units digit of m(r)?
3
Let u = 37710 + -8532. What is the tens digit of u?
7
Let t be ((-26)/8)/(14/(-336)). Suppose 2*i + h - t = i, 0 = -2*i + 2*h + 156. Let s = i - 6. What is the units digit of s?
2
Let m = 18776 + 11162. What is the tens digit of m?
3
Let n(r) = -r**3 + 10*r**2 - 6*r - 29. Let t be n(9). Let y(c) = 363*c**2 - 4*c - 6. What is the thousands digit of y(t)?
1
Suppose 3*k + 278 = 2*z + 1312, 0 = -4*z - 16. Suppose 5*a - 621 = 3*m, -3*a + 123 + 80 = -m. Let h = m + k. What is the tens digit of h?
3
Suppose -2*u - 4*y + 286 = 0, -10*u - 5*y + 428 = -7*u. Let b = u + 307. What is the hundreds digit of b?
4
Suppose 0 = 5*z - 2*x - 246, 43*z - 3*x + 256 = 48*z. Suppose 4*c + 5*p = 191, 138 + z = 4*c + 4*p. What is the units digit of c?
4
Suppose 74*z - 7*z = 406355. What is the tens digit of z?
6
Suppose -3*t = 5*s - 26, -t + 6*s = 3*s - 32. Suppose 19*u - 42 = t*u. What is the tens digit of (u/12)/1*32?
5
Suppose 21*s = 75*s - 327564. What is the hundreds digit of s?
0
Suppose -7*t - 5580 = -10*t. Suppose 0 = 17*k - 2*k - t. Suppose 3*f - k = 2*f. What is the units digit of f?
4
Let p = 722 - 363. Let i = -234 + p. Let z = i + -80. What is the units digit of z?
5
Let n(u) = 62*u**2 + 7*u + 11. What is the thousands digit of n(-10)?
6
Suppose -28493 = -4*g + j, 5*j = -5*g - 10661 + 46296. What is the hundreds digit of g?
1
Let i = 114 - 101. Let c(a) = -a**3 + 14*a**2 + 18*a - 48. What is the hundreds digit of c(i)?
3
Suppose -3*y - 3*d + 68034 = 0, -55*y - 2*d - 67999 = -58*y. What is the tens digit of y?
7
Let s = 98 + -93. Suppose -5*q - 5*l = -10, -l = 2*q - 4*l - 19. Suppose -p - s = -d, 3*d - 61 + 6 = -q*p. What is the units digit of d?
0
Let s(q) = 1166*q - 459. What is the tens digit of s(9)?
3
Let v(f) = 2*f**2 + 5*f + 7*f - 110 - 104 - 22*f. What is the thousands digit of v(-23)?
1
Let t(m) = -m**2 + 12*m + 44. Let y be t(13). Suppose -4*l - 7 = -y. Let x = l + 91. What is the units digit of x?
7
Let m(i) = 2*i**2 + 71*i + 193. What is the hundreds digit of m(-45)?
0
Let v be ((-339)/2 + -6)*8/6. Let j be (-3 + v)/((-4)/((-16)/(-4))). Suppose 3*c - j = -3. What is the tens digit of c?
7
What is the tens digit of 1*14 + 62 + 4127?
0
Let v(f) = -50*f + 107 + 60 + 79 - 76. What is the hundreds digit of v(-8)?
5
Suppose 7*r - 91 = -6*r. Suppose 0 + 77 = r*x. What is the units digit of x?
1
Let c = -2407 - -1243. Let q = 2061 + c. What is the tens digit of q?
9
What is the ten thousands digit of ((-1072)/(-24) - -8)*(0 - -258 - 0)?
1
Suppose 3*d - 198 = -84. Let q be 3 + (-20 - (5 + -4)). Let f = q + d. What is the units digit of f?
0
Let k = 10 - 8. Suppose k*u + 3 = 5. Suppose -97 = -m + u. What is the tens digit of m?
9
What is the units digit of 5/4 - -6*((-3861)/(-72) + -6)?
7
Suppose 5*f - 37560 = -o, -226*f + 223*f + 22559 = -4*o. What is the units digit of f?
3
Let f(g) = -g**3 + 19*g**2 - 17*g - 6. Suppose -24*r - 70 = -34*r. What is the hundreds digit of f(r)?
4
Let f(y) = 2676*y**3 - 3*y**2 - 13*y + 15. What is the units digit of f(1)?
5
Let k(g) = -g**3 + 35*g**2 + 38*g + 46. Suppose 3*j - 2*m = 110, -4*j + 75*m = 71*m - 148. What is the hundreds digit of k(j)?
1
Let k(i) = -12*i + 65. Let n be k(5). What is the units digit of 12 - 5 - n - -71?
3
Let a be ((-84)/(-54))/(1*1/9). What is the tens digit of 375 - (1*4 - (-15 + a))?
7
Let s = -285 + 15. Let a be (-1)/2 - s/(-20). Let r = 37 + a. What is the tens digit of r?
2
Let d = 4585 - -3464. What is the units digit of d?
9
Let z = -162892 + 234305. What is the ten thousands digit of z?
7
Suppose 0*f - 5 = -w - 5*f, -2*w = 3*f - 3. Suppose y + 2*v - 100 = w, -464 = -5*y - v - 0*v. What is the units digit of y?
2
Suppose 0 = 7640*n - 7651*n + 29315. What is the thousands digit of n?
2
Let r be 15/(-12)*-4*1. Suppose -d = r - 19. Let q = 2 + d. What is the units digit of q?
6
Suppose 32*r = 36*r - 48. Suppose 24 = 18*l - r*l. What is the tens digit of 4 + (l - 7) - 1*-202?
0
Let c = 42621 - 24565. What is the ten thousands digit of c?
1
Suppose -4*q = -2*t - 20, 34*t = -5*q + 32*t + 43. Suppose 0 = -q*b + 3367 + 637. What is the hundreds digit of b?
5
Let w(u) = u**2 + 7 + 17 - 2*u + 20 + 3*u. Let m = 57 + -48. What is the tens digit of w(m)?
3
Suppose -m - 9 = -3*q, -m = 4*q + 2*m + 1. Let h(g) = 2*g**3 - 3*g**2 + 4*g - 8. Let b be h(q). Suppose -241 + 753 = b*p. What is the units digit of p?
8
Let l be (386/(-2))/(2 - (-21)/(-9)). Suppose -p = -l + 105. Suppose 4*m = -2*m + p. What is the tens digit of m?
7
Let y be ((-2)/4)/((-3)/((-3120)/1)). Let n = -135 - y. What is the tens digit of n?
8
Let l = 5312 + -3002. Suppose -2*o - 1511 = -4*t + 349, l = 5*t + 5*o. What is the units digit of t?
4
Suppose -4*z + 2*h - 1442 = 0, 2*z - 223 = -3*h - 964. Let m = z - -928. What is the tens digit of m?
6
Let g(m) be the third derivative of 7*m**5/60 - 9*m**4/8 - 103*m**3/6 - 40*m**2 - m. What is the tens digit of g(15)?
6
Let h be 6/(-16) + (-4220)/(-160). Suppose -35 = 33*d - h*d. What is the tens digit of 146*((-15)/(-6) - (d + 7))?
7
Suppose 0 = -4*v + 3*f + 15, -2*v - 3*f - 9 = -5*v. Suppose 3343 = 5*j - 3*l, 0 = -5*j + v*j + 4*l - 687. What is the hundreds digit of j?
6
Let f = 15754 - -178. What is the hundreds digit of f?
9
Let t(v) = 644*v - 358. Let m be t(-7). What is the hundreds digit of (1 - m/3) + 8?
6
Let v be 8/2 - 9 - -2409. Suppose n + 5*o = 367, -5*o - v = -4*n - 986. What is the hundreds digit of n?
3
Let u(m) = -m**3 - m**2 - 7. Let v be ((-1)/(-2))/(12/72). Let f(b) = -b**2 + 6. Let k be f(v). What is the tens digit of u(k)?
1
Suppose 0 = -129*r + 470132 - 352814 + 389910. What is the thousands digit of r?
3
Suppose -10*g - 228 = -7*g. Let r = g + 51. Let c = 129 - r. What is the tens digit of c?
5
Suppose -62*n = -33*n - 133168. What is the units digit of n?
2
Suppose 20839 = 3896*n - 3883*n. What is the hundreds digit of n?
6
Suppose 5*a = 3*y + 45, 4*a + 2*y + 4 = 62. Let s(o)